et c(b) = -5*b**3 + 7*b**2 - 2*b + 15. Let o(d) = -d**3 + d**2 + 2. Let u(p) = c(p) - 6*o(p). What is u(-3)?
-9
Let y(o) = -9*o + 104. Let s be y(12). Let v(u) = 2*u**2 + 6*u. What is v(s)?
8
Let p(d) be the first derivative of -1/8*d**4 + 9/2*d**2 + 5/6*d**3 + 0*d - 6. Let f(i) be the second derivative of p(i). What is f(4)?
-7
Let k(r) = 4*r + 3. Suppose 23*p = 17*p - 18. Give k(p).
-9
Let k be 1*-4 + 54/(18 - 9). Let t(o) = -o**2 + 2*o - 1. What is t(k)?
-1
Let r = -51 - -80. Suppose u = r - 8. Let d = 30 - u. Let a(p) = -p**3 + 9*p**2 - p + 8. Determine a(d).
-1
Let m(h) = h**2 - 10*h + 10. Let d(w) = 9*w**2 - 7*w + 6. Let g be d(1). Calculate m(g).
-6
Suppose 48 + 72 = 30*r. Let n(b) = -b**3 + 4*b**2 + 5*b - 16. Determine n(r).
4
Let a(m) = -2*m + 16. Let b be a(7). Let r(w) = -7*w + b + 24*w**2 - 17*w**2 - 8*w**2. Let h = 13 + -19. Give r(h).
8
Suppose 4*m + o - 7 = 14, -5*o + 25 = 0. Let t be (-8)/(-10)*(-50)/m. Let u(s) = -s**2 - 9*s + 10. Let g be u(t). Let y(i) = i**2 - 7. Determine y(g).
-7
Let u(i) = 235*i - 233*i + 3 - i**2 - 2*i**2 + 2*i**2. Calculate u(-2).
-5
Let v(b) = -63 - 7*b - 59 + 171 + b**2 - 55. Give v(7).
-6
Let d(o) = -o**3 - 8*o**2 + 9*o + 5. Let z be d(-9). Suppose -6*f + z*f = -8*f. Let l(k) = k**2 - k - 6. Give l(f).
-6
Let c(t) be the first derivative of t**3/6 - 7*t**2/2 + 16*t + 4. Let g(f) be the first derivative of c(f). Give g(9).
2
Let n(j) be the second derivative of j**5/20 + 7*j**4/12 - j**3/3 + 21*j**2 - 32*j. Determine n(-8).
-6
Let s be (-3 + 8)*(2 + 1 + -2). Let o be (11/22)/(2/4). Let t = o - s. Let i(k) = -k**3 - 4*k**2 + k - 1. What is i(t)?
-5
Let y(u) = 2*u + 1 - 4*u + 0*u. Let o(n) = 2*n - 22. Let r be o(0). Let v = r + 27. What is y(v)?
-9
Let r(k) = 8*k + 33. Let m be r(-5). Let b(q) = -q**3 - 7*q**2 - 4*q - 7. Give b(m).
21
Let s(h) = -50*h**3 + 7*h**2 - 17*h + 17. Let g(i) = -17*i**3 + 2*i**2 - 5*i + 5. Let r(y) = 7*g(y) - 2*s(y). Give r(1).
-19
Let o(x) = -x**2 + 3*x + 2. Let b be (-10)/55 - 414/(-99). Calculate o(b).
-2
Let w(a) = a**3 - 5*a**2 - 8*a + 9. Let h be w(6). Let l(s) = -s + 1. Let p(j) = j - 5. Let x(d) = h*p(d) - 6*l(d). Give x(-6).
-9
Let h(r) = 20*r - 205. Let g be h(10). Let k(c) = -c**3 - 4*c**2 + 6*c + 3. Give k(g).
-2
Let h = 77 - 73. Suppose h*m = 8*m + 16. Let o(p) = 2*p**2 + 6*p. What is o(m)?
8
Let u(o) be the first derivative of -2*o**3/3 + o**2 + 2*o + 8. Let q be u(2). Let v be 2 - 3/q*2. Let n(x) = x**2 - 5*x + 7. Calculate n(v).
7
Let r = 217 - 210. Let c(t) = -2*t + 27*t**2 + 12 - 34*t**2 + t**3 - 2. Give c(r).
-4
Let o(r) be the second derivative of -r**5/20 - r**4/4 + r**3/6 - 3*r**2/2 + 11*r + 5. What is o(-3)?
-6
Let f = -50 + 52. Let o(l) = -2 + f + 24*l**2 + 1 - 13*l**2. What is o(1)?
12
Let f be 4/(-14) + (-9)/(-7). Let i(p) = 19*p**2 + 12*p - 1. Let w(v) = v**2 + 2*v. Let n be (-12 + 14)/(2/2) + 3. Let u(b) = n*w(b) - i(b). What is u(f)?
-15
Suppose -2*n = -56 + 14. Suppose 3*m - n = -9. Suppose -2*u = m*h + 6, 3*h + 3 = -2*u - 1. Let y(x) = -7*x + 1. Determine y(u).
-6
Suppose 5*d - 3*d - 10 = 2*v, -4*d - 2*v = -44. Suppose 4*t = -i + 4*i + d, -5*i + 43 = 3*t. Let b(c) = c**3 - 7*c**2 + 7*c + 6. Determine b(t).
12
Let u(k) = k**2 + 9*k + 2. Let x be u(-9). Suppose -5 + 0 = -5*n. Let r(b) = x*b**2 + 0 - 23*b + n + 0*b**2 + 22*b. Calculate r(1).
2
Let n(g) be the second derivative of -g**4/12 + g**3 - 9*g**2/2 + 6*g. Calculate n(3).
0
Suppose f = 35 - 33. Let z(k) = 4 - 1 - 8*k - 7 - k**f. Calculate z(-6).
8
Let w(a) = -47*a - 5. Let o(f) = 86*f + 9. Let z(h) = 6*o(h) + 11*w(h). Calculate z(8).
-9
Let m(k) = -k**3 - 8*k**2 - 4*k + 2. Let u(a) = -15*a + 2. Let l be u(7). Let g = l - -96. Give m(g).
-19
Let z(y) be the first derivative of y + 179 - 190 - y**2 - 3*y + 3*y**2. Let t(m) = m**2 + m + 3. Let i be t(0). Determine z(i).
10
Suppose -132*q + 98*q - 340 = 0. Let k(h) = -h - 5. Give k(q).
5
Suppose 0 = -v - 5*s + 4 - 24, -5 = -2*v + 5*s. Let g(f) = 7*f**2 - f - 6. Let m(w) = w**2 - w. Let t(u) = -g(u) + 6*m(u). What is t(v)?
6
Let k(u) = -u**2 - u. Suppose 5*q + 3 = -3*y - 3, 4*y - 6 = -2*q. Let c = y + -1. Let t be c/1 - (5 - 2). Give k(t).
0
Let z(l) be the first derivative of l**2/2 - 3*l + 19. Let u = 6 + 2. Give z(u).
5
Let j(v) be the first derivative of v**2 - 17 - 8/3*v**3 - v. What is j(1)?
-7
Let s(q) = -q**3 - 3*q**2 - 2*q. Let i be ((-240)/(-28))/((-1)/7). Let u be 110/i + (-2)/12. Calculate s(u).
0
Let z = 14 + -48. Let a = z + 9. Let k = -20 - a. Let v(p) = p**3 - 5*p**2 + p - 2. Calculate v(k).
3
Let i(o) = 2*o - 9. Let y be i(6). Let j(b) = 133*b - 260*b + 2*b**2 + 124*b - 2. What is j(y)?
7
Suppose f + 6 = 5*l, 2*l + 6 = -l + 3*f. Let c be 0/(1 + l + -4). Let s(r) = -r - 4. Determine s(c).
-4
Let u(s) = s**2 - 6*s - 7. Suppose -83*n = -88*n + 40. Calculate u(n).
9
Let t be 9 - (12 - 2) - (-4 - 1). Suppose l - 2*l + 2 = 0. Let v(r) = 10 - r**l + 2*r**2 + t*r - 13*r. What is v(8)?
2
Let t(j) = j**3 + 2*j**2 - 1. Let s(n) = -3*n**3 - 4*n**2 - 6*n + 5. Let i(p) = s(p) + 4*t(p). What is i(-5)?
6
Let i(c) = -c**2 - 3*c + 13*c - 2 - 4*c. Suppose 0 = -4*q + 6*q - 48. Suppose k - q = -3*k. Determine i(k).
-2
Suppose 2*d + 0*d - 2 = 0. Suppose -y = -d + 2. Let f(q) be the second derivative of q**3/6 + 18*q + 5. Determine f(y).
-1
Suppose -46 = 2*k - x, 4*k - x + 0*x + 96 = 0. Let a = -27 - k. Let j(c) = -c**2 - 4*c - 3. Calculate j(a).
1
Let k(o) = 2*o**3 + o**2 - 2*o + 2. Let p(v) = -15*v**3 + 6*v**2 + 8*v - 2. Let i(z) = -6*k(z) - p(z). Calculate i(4).
6
Let x(o) = 4*o**2 - 20*o + 14. Let j(z) = 7*z**2 - 37*z + 28. Let y(k) = 3*j(k) - 5*x(k). Calculate y(7).
-14
Let o(i) = -i**3 - i**2 - i - 4. Let b = -21 - 32. Let j = b + 50. Determine o(j).
17
Let o(c) = c**2 + 3*c - 2. Let g = 14 - 18. Let k be o(g). Let b(j) = -3*j**2 + 0 + 4*j**2 - 1 + 2*j**2 - k*j. Calculate b(-1).
4
Let l(a) = 2*a**3 + 3*a**2 + 3. Let p(x) = x**3 + 2*x**2 + x + 3. Let r(z) = -3*l(z) + 4*p(z). Give r(-2).
7
Let i(q) = -13 + 12*q + 2*q**2 - 2 - 4*q**2 + 9*q**2 - 6*q**2. Determine i(-14).
13
Suppose 3*k + 1 = 2*o, -5*k - 4 = 2*o - 3*o. Let d(h) = 17*h - 10. Let p(g) = 11*g - 7. Suppose 3 = -a - 2. Let s(c) = a*d(c) + 7*p(c). Calculate s(o).
9
Let v(o) = -4*o**2 - 3*o - 1. Let a(k) = -11*k**2 - 8*k - 3. Let z = -105 + 88. Let r(p) = z*v(p) + 6*a(p). Calculate r(-4).
19
Suppose -26*a + 120 = -62. Let x(o) be the second derivative of o**4/12 - 5*o**3/3 + 3*o**2/2 + 2*o. What is x(a)?
-18
Let u be -5 + (10 - 5) + 177. Let x = -175 + u. Let h(l) = 1 + 0 - 3 - l. Give h(x).
-4
Let o = 13 - 8. Suppose 9*d + 16 = o*d. Let i(b) = -b**3 - 3*b**2 + 4*b - 8*b - 4 - 2*b**2. Give i(d).
-4
Let a(b) be the third derivative of -b**4/8 - 21*b**3/2 - 653*b**2. Determine a(-20).
-3
Let x(n) be the second derivative of -n**5/20 - 7*n**4/12 + n**3/2 - 9*n**2/2 - 8*n - 5. Give x(-7).
-30
Let b be ((-9)/6)/((-1)/2). Suppose 5*f - y + 2 = -2, b*f - 8 = -2*y. Let m(j) = j**3 - j**2 - j - 8. What is m(f)?
-8
Suppose -3*c + 4 = -17. Let g be 1/((-10)/25 - c/(-30)). Let k(n) = n + 11. Calculate k(g).
5
Let f(x) = 2*x**3 - 2*x**2 - 2*x + 3. Let d be 46/(9/6 + -1). Let r be 14/6 - (d/(-12) - -8). Give f(r).
7
Let x = -51 + 55. Suppose -4*v + 3*v = x*g + 27, g = -4*v - 33. Let l(y) = -y + 1. Give l(v).
8
Suppose -5*h + 40 = q, -3*h + q = -2*h - 2. Let k(t) = 19*t**2 + t**3 - 41*t**2 + 16*t**2 - t + 5 + 3 - 6*t. What is k(h)?
8
Suppose -3*s + 60 = 2*s. Let t(v) = v + 0*v - 1 + 13*v**3 - s*v**3. Suppose -3*k - 123 = -126. Calculate t(k).
1
Let f(s) = -s - 8. Let o = -46 - -27. Let q = o + 64. Let t be (3 - q/21)*-7. Determine f(t).
-2
Let g(f) = 2*f**2 - f. Suppose 5*h + 10 = -3*q, -2*q + 4*q - h = 15. Suppose o - 8 = q. Let x = o - 15. What is g(x)?
10
Let z = -494 - -494. Let c(r) = r - 4. Let x(v) = v - 3. Let g(n) = -2*c(n) + 3*x(n). Give g(z).
-1
Let m(v) = -v**2 + 13*v - 10. Suppose 122 = 39*a - 229. Calculate m(a).
26
Let v(o) be the second derivative of -2*o**3/3 + 17*o**2 - 2*o - 277. What is v(10)?
-6
Let s = -1445 - -1445. Let w(v) = -10 - v + 2 + 2*v. Calculate w(s).
-8
Let s(y) be the first derivative of -y**5/20 - y**4/6 - 2*y**3/3 + 9*y**2/2 - 13. Let b(d) be the second derivative of s(d). What is b(-3)?
-19
Let k(c) = -c + 8. Let u = 10 - 8. Suppose u*f - 35 = -21. What is k(f)?
1
